4*i + 4 - 20. Let h(f) = 2*f + 1 - 3 - 5*f + f**2. Give h(i).
2
Let h = 43 + -40. Let t(j) = -j - 2. Let x(n) = n + 4. Let q(p) = 10*t(p) + 6*x(p). Determine q(h).
-8
Let v(n) = -n**2 - 8*n - 3. Let r(a) = 2*a**2 + 10 + a**2 + 14*a + 9*a. Let t(p) = 3*r(p) + 8*v(p). What is t(-4)?
2
Suppose -2*d + 2 = 6. Let s(x) = -3*x**2 - 3 - x**3 + 5*x**3 - 6*x**3 - 3*x. What is s(d)?
7
Let s = 6 - 9. Let z(c) = -c - 4. Determine z(s).
-1
Let r(o) be the third derivative of 0 + 1/24*o**4 + 7*o**2 - 1/60*o**5 + 0*o + 1/120*o**6 + 1/6*o**3. Let m(t) = -2*t**2 - 4*t - 2. Let d be m(-2). Give r(d).
-13
Let y(w) = 2*w + 1 + 2*w - 2*w. Suppose -5*i + 4*i - 2 = 0, -3*p + i = 7. What is y(p)?
-5
Let o(j) = -j - 7. Let r be o(-3). Let b(t) = 2 - 8 + t + 5. Calculate b(r).
-5
Let y(b) = -5*b**3 - 7*b**2 - 1. Let l(u) = 4*u**3 + 6*u**2. Let v(j) = -4*l(j) - 3*y(j). Suppose 3*w = -0*w - 9. What is v(w)?
3
Suppose -4*s + 1 + 3 = 0. Let v(u) = 4*u**3 - u**2. Let p be v(s). Let b(m) = -3 - 1 + 0 + 3*m. What is b(p)?
5
Let h = 3 - 2. Let y(c) = -6*c. What is y(h)?
-6
Let d(o) = -o**2 - 4*o - 2. Let y be d(-4). Let g be ((-4)/y - 4)*-1. Let l = 2 - g. Let v(t) = t**3 - t**2 + t + 8. Calculate v(l).
8
Let r(j) = -4*j**2 - 2*j - 3. Let l(s) = s + 3. Let g be l(0). Let i(w) = 7*w**2 + 4*w + 6. Let y(z) = g*i(z) + 5*r(z). Calculate y(-3).
6
Let q(o) be the first derivative of o**2/2 + 2*o + 4. What is q(6)?
8
Let j(w) = w**2 + w - 5. Let i = -36 - -32. What is j(i)?
7
Let s(l) = 0*l - l + 0 - l - 1. Calculate s(-2).
3
Suppose -2*u + 2*d = -3 - 1, -16 = -2*u - 4*d. Let i(p) = -p**3 + 1 - 3*p - u*p**2 + p**2 + 5*p**2. Let n = -4 - -6. Determine i(n).
-5
Let w(z) = -5*z**2 - 20*z + 30. Let p(x) = x**2 + 4*x - 6. Let s(c) = 11*p(c) + 2*w(c). Let n(g) = -g**3 + 6*g**2 - g + 1. Let t be n(6). Calculate s(t).
-1
Let l(c) = -2*c - 6. Let u be l(-5). Let w = 7 - u. Let j(t) be the second derivative of -t**5/20 + t**4/4 - t**3/6 - 3*t**2/2 - 31*t. What is j(w)?
-6
Suppose -3*x - 140 = 2*x. Let d be 6/10 + x/5. Let q(p) = -p**2 - p + 1. Let y(z) = -2*z**2 + 3*z + 3. Let g(r) = 3*q(r) - y(r). Determine g(d).
5
Let j(c) = 8*c**3 - c**2 + c. Let d = 15 - 14. Determine j(d).
8
Let p = 5 - 3. Let h(n) = 2 + n - p*n**2 - 3 + n**2 - 2*n**3. Calculate h(1).
-3
Let m be (4 + -3)*-2*2. Let p(o) be the third derivative of -o**6/120 - o**5/20 + o**4/12 - o**3/6 - 2*o**2. Give p(m).
7
Let m(p) = 5*p**3 - 2*p**2 + 9*p - 6. Let y(x) = -4*x**3 + 3*x**2 - 8*x + 5. Let n(b) = 3*m(b) + 4*y(b). Let o = 8 - 3. Give n(o).
2
Let f(a) = a**2 + 5*a. Suppose 5*x + 4 + 15 = -2*l, 10 = -5*l. Determine f(x).
-6
Let n be 111/21 + (-6)/21. Let s(j) be the third derivative of -1/6*j**3 + 0 - 1/60*j**n + 1/12*j**4 + 0*j - j**2. Determine s(2).
-1
Let r(c) be the first derivative of -c**2 - 6*c + 30. What is r(-6)?
6
Let f(i) be the third derivative of i**2 - 1/60*i**5 - 1/3*i**3 + 5/24*i**4 + 0*i + 0. Let c = -2 + 7. What is f(c)?
-2
Let x(a) = 3*a**3 + 0*a + 8*a - 2*a**3 - 4 - a - 5*a**2. Suppose -4*k = -3*p - 10, 2*p - 20 = -3*k - k. Suppose t + 16 = 4*o + 5*t, o = -k*t + 4. What is x(o)?
8
Let l(u) = -u**3 - 9*u**2 + 2. Let b be l(-9). Let o(j) = -j - 4*j**b + j**2 + 3*j. Suppose 16 = 16*t - 8*t. Calculate o(t).
-8
Let b(v) = v**3 + 4*v**2 + 3*v. Let i = -6 - -9. Suppose 5*f + 4 = i*f. Determine b(f).
2
Let r = 6 - 5. Let v(x) = 13*x**2 + x - 1. Calculate v(r).
13
Let g(b) = -4*b**3 + 2*b**2 - 2*b + 1. Let f be -2 - -2 - (-3 - 42). Let p be (-2)/(-9) + 35/f. What is g(p)?
-3
Let f(g) = -3*g**2 + 2*g - 2. Let l be f(2). Let s = 8 + l. Let n = -4 - s. Let v(d) = d**3 + d**2 + d + 1. What is v(n)?
-5
Let u(x) = -4*x - 7. Let r(t) = 7*t + 15. Let y(l) = 3*r(l) + 5*u(l). Give y(-6).
4
Let p(d) be the first derivative of -d**7/840 - d**6/360 + d**5/60 + d**3/3 - 1. Let h(s) be the third derivative of p(s). Suppose 0 = -3*n - 9 + 3. Give h(n).
0
Let l(p) = p + 7. Let c be l(-5). Let k(s) = -s**3 + 5*s**2 - 2*s - 2. Let z be k(c). Let j(w) = w**2 - 7*w - 6. Calculate j(z).
-12
Suppose 0 = -s - 0*s + 4. Suppose s*o = 2*h - 30, -4*h + 2*o + 7 = -23. Let t(y) = -5 - y + 6 + 6. Give t(h).
2
Let o = 0 - 0. Suppose -2*z = -o*z. Let r(c) = 6*c**2 - c - 7. Let l(v) = -5*v**2 + v + 6. Let j(x) = -5*l(x) - 4*r(x). What is j(z)?
-2
Suppose -3*l - 5 = l + 3*n, -4*l - 6 = 2*n. Let g(u) = -3 - 3*u - 2*u + 2*u - 4*u. Determine g(l).
11
Let k(n) be the second derivative of 3*n - 1/6*n**3 + 0 + 0*n**2 + 2/3*n**4. Determine k(-1).
9
Let t(x) be the second derivative of -x**4/12 + x**3/6 + 3*x**2 - 6*x. Calculate t(0).
6
Let u(f) = 3*f - 1 - 5*f - 2*f**2 + 7*f. Let p(r) be the second derivative of r**4/4 - 3*r**3/2 + r**2 - 23*r. Let d(n) = 4*p(n) + 7*u(n). Give d(-2).
-5
Let y(t) = 6 - 3*t + 5*t - 3*t - 4. What is y(5)?
-3
Let a(v) = 3 + 29*v + 24*v - 55*v. Give a(5).
-7
Let o(i) be the second derivative of i**6/360 + i**5/40 - i**4/6 - 2*i. Let d(s) be the third derivative of o(s). Let m be (-10)/(-4)*4/(-5). Determine d(m).
-1
Let z(c) = c**3 - 5*c**2 + 4*c - 2. Let x = -5 - -10. Let r(h) = h**3 - 3*h**2 + 3*h - 3. Let b be r(2). Let w = b + x. Determine z(w).
-2
Let w(j) = -j + 1. Let z(t) = 2*t - 6. Let i(s) = 4*w(s) + z(s). Suppose -2*o - 14 = -3*o. Suppose -o + 2 = 3*q. Determine i(q).
6
Let w be ((-3)/4)/(1/(-4)). Suppose -3*n + 4*x + x = 11, -3*x + 21 = w*n. Let j(p) = -6 + 0*p + 8 - 3*p. What is j(n)?
-7
Let d(f) = 2 + 0*f + 6*f - f**2 - f. Suppose -4*q = -15 + 7. Suppose 0 = -q*h + 9 - 1. What is d(h)?
6
Suppose -32 = -4*q + 5*r, -2*q - r = -2*r - 10. Let x be (-2)/4 - 5/(-2). Let j(w) = 2*w + 0*w**2 + w**3 + 3 - 4*w - 2*w**x. Determine j(q).
6
Let w(r) be the third derivative of -r**7/1680 + r**6/360 - r**5/30 + 2*r**2. Let g(b) be the third derivative of w(b). Determine g(-2).
8
Let d(s) = -s**2 + s + 9. Let y be d(0). Let u(w) = w - 5. Let j be u(0). Let c = j + y. Let l(r) = -r**3 + 5*r**2 - 5*r + 4. Determine l(c).
0
Let u(k) = -3*k + 14*k**2 - 2*k - 13*k**2. Let b(w) = w**2 - 9*w. Suppose -4*y + 2 = -g, -10 = -3*g + 3*y + y. Let a(j) = g*b(j) - 11*u(j). What is a(1)?
-4
Let d(p) = -p**2 - 6*p - 3. Let m be -15 + 0 + (2 - -2). Let y(z) = -z**3 - 10*z**2 + 10*z - 16. Let h be y(m). Give d(h).
2
Let t(x) be the third derivative of 0*x - 2/3*x**3 + 0 - x**2 - 1/12*x**4. Determine t(-4).
4
Suppose 2*l = 5*b - 8 - 15, 4*b - 32 = 5*l. Let w be 9/(-2)*2/b. Let f(a) = -2*a - 6. Let i(n) = 1. Let k(h) = -f(h) - 5*i(h). Calculate k(w).
-5
Let b(l) = -3*l + 2. Let g(x) = 9*x - 6. Let m(i) = -8*b(i) - 3*g(i). What is m(2)?
-4
Let k(r) = 8*r**2 + r - 1. Suppose 4*q = 4*w, 0*w = -q - w + 2. Calculate k(q).
8
Let w(r) = 6 - 8 + 0 + r + 5. Determine w(-6).
-3
Let s(d) = -5*d**3 - 6*d**2 - 7*d + 6. Let v = -18 + 5. Let i(f) = -9*f**3 - 13*f**2 - 15*f + 13. Let w(n) = v*s(n) + 6*i(n). What is w(-1)?
-12
Let i(f) be the first derivative of -f**2/2 - 5*f + 2. Let p be i(5). Let u = -6 - p. Let j(w) = w**3 - 4*w**2 + 3*w - 4. What is j(u)?
8
Let n(h) = h + 4. Let q be (5 - -1)*2/4. Suppose 7*z - q*z = 0. Suppose z = 6*m - 3*m. What is n(m)?
4
Let u be 320/56 + (2 - (-24)/(-14)). Let d(f) = -2*f + 6. What is d(u)?
-6
Let s(q) = -q**3 + 3*q**2 - 2*q + 2. Let g be s(2). Let w be (-6)/4*2*g. Let a(u) = -u**3 - 5*u**2 + 6*u - 7. Calculate a(w).
-7
Let d(y) be the first derivative of -y**4/4 + 5*y**3/3 - y**2 - y + 6. Calculate d(4).
7
Let s(m) = m + 4. Let z(o) = -o**3 + 4*o**2 - 3*o + 9. Let b be z(4). Give s(b).
1
Let h = 2 + -9. Let d(b) = -b**2 - 7*b - 3. Calculate d(h).
-3
Suppose 0*x - 6 = 3*x. Let c be 2/(0 - x) + 2. Suppose 3 = -a + y, -c*a + 5 = -y + 16. Let d(v) = v - 2. Calculate d(a).
-6
Let g(q) be the first derivative of -1/2*q**2 + 9*q + 4. Calculate g(6).
3
Let x = -59 - -56. Let v(g) = -g**3 - 3*g**2 + g - 4. What is v(x)?
-7
Let d = -4 + 6. Let g(v) be the second derivative of -v**5/30 + v**4/8 - v**3/3 + v**2/2 - v. Let u(i) be the first derivative of g(i). Give u(d).
-4
Let n(p) = -p**2 + 7*p + 2. Let j be n(7). Let l(x) = 3 - 3*x**3 + 5*x**2 - 4 - 3*x**j. What is l(1)?
-2
Let m(t) = t**3 - t**2 - t - 1. Let x = 3 - 0. Let r = 3 - x. Suppose r = -4*k + k. Determine m(k).
-1
Let z(q) = -q**3 + 5*q**2 - 3*q - 1. Let d be (6/(-4))/((-2)/4). Let r = -3 + d. Suppose r = 4*v - 3 - 9. What is z(v)?
8
Suppose 35 = 6*m + 5. Let h(o) = o.